of 541703877?
4
What is the units digit of 26945782?
2
What is the units digit of 12067844?
4
What is the thousands digit of 214489579?
9
What is the hundred millions digit of 6811789336?
8
What is the hundred millions digit of 537071489?
5
What is the ten thousands digit of 1154366386?
6
What is the hundreds digit of 858652020?
0
What is the tens digit of 72874875?
7
What is the millions digit of 327236038?
7
What is the millions digit of 204570572?
4
What is the units digit of 267483860?
0
What is the millions digit of 335566619?
5
What is the hundreds digit of 6250766220?
2
What is the hundred thousands digit of 51163714?
1
What is the ten millions digit of 1672555090?
7
What is the tens digit of 457797953?
5
What is the units digit of 4899268412?
2
What is the hundreds digit of 27562434?
4
What is the millions digit of 58573032?
8
What is the units digit of 200374233?
3
What is the hundred millions digit of 301452459?
3
What is the ten thousands digit of 234135446?
3
What is the ten thousands digit of 198251643?
5
What is the thousands digit of 45329546?
9
What is the ten thousands digit of 29188880?
8
What is the millions digit of 754072466?
4
What is the thousands digit of 16164062?
4
What is the units digit of 240642077?
7
What is the ten thousands digit of 1468401545?
0
What is the hundred thousands digit of 1515461498?
4
What is the ten millions digit of 1836028178?
3
What is the millions digit of 1161041745?
1
What is the units digit of 586794139?
9
What is the ten millions digit of 218784354?
1
What is the hundred thousands digit of 413454658?
4
What is the hundred thousands digit of 1276606668?
6
What is the thousands digit of 296791418?
1
What is the hundred thousands digit of 9476139?
4
What is the hundred millions digit of 654268957?
6
What is the hundreds digit of 477626742?
7
What is the billions digit of 1091050858?
1
What is the hundreds digit of 148807447?
4
What is the thousands digit of 2543113664?
3
What is the hundreds digit of 453307244?
2
What is the ten millions digit of 80519582?
8
What is the tens digit of 2707037611?
1
What is the ten thousands digit of 3160425?
6
What is the hundred millions digit of 1633796630?
6
What is the hundred thousands digit of 24827147?
8
What is the hundreds digit of 19633729?
7
What is the hundred thousands digit of 16069113?
0
What is the ten millions digit of 47890266?
4
What is the thousands digit of 232172458?
2
What is the ten millions digit of 64593094?
6
What is the units digit of 175439507?
7
What is the thousands digit of 28481425?
1
What is the thousands digit of 814461137?
1
What is the ten thousands digit of 25380780?
8
What is the millions digit of 294581670?
4
What is the hundreds digit of 5962803?
8
What is the ten millions digit of 2241998644?
4
What is the hundred thousands digit of 159340050?
3
What is the units digit of 233528873?
3
What is the millions digit of 28278543?
8
What is the hundreds digit of 41342204?
2
What is the millions digit of 82268611?
2
What is the millions digit of 1022809185?
2
What is the hundred thousands digit of 979258891?
2
What is the units digit of 111779110?
0
What is the ten thousands digit of 502708941?
0
What is the ten millions digit of 1027169691?
2
What is the hundred thousands digit of 345876513?
8
What is the units digit of 48004813?
3
What is the ten millions digit of 410668947?
1
What is the ten thousands digit of 65087436?
8
What is the tens digit of 25139057?
5
What is the tens digit of 26954105?
0
What is the ten thousands digit of 16751521?
5
What is the millions digit of 187543384?
7
What is the millions digit of 20882952?
0
What is the units digit of 93507216?
6
What is the billions digit of 3349522922?
3
What is the hundreds digit of 849503283?
2
What is the hundred millions digit of 358496710?
3
What is the millions digit of 847137791?
7
What is the hundred millions digit of 2452023414?
4
What is the hundred millions digit of 2509407903?
5
What is the ten thousands digit of 39258608?
5
What is the ten millions digit of 466414533?
6
What is the thousands digit of 140106677?
6
What is the ten thousands digit of 66289207?
8
What is the tens digit of 623597785?
8
What is the millions digit of 489607930?
9
What is the millions digit of 70360876?
0
What is the thousands digit of 4721753?
1
What is the millions digit of 26553176?
6
What is the ten millions digit of 324461404?
2
What is the millions digit of 271746079?
1
What is the billions digit of 2175206433?
2
What is the thousands digit of 10186005?
6
What is the ten thousands digit of 1557614086?
1
What is the hundreds digit of 1177488674?
6
What is the units digit of 2036929829?
9
What is the ten millions digit of 2355769519?
5
What is the thousands digit of 351373315?
3
What is the thousands digit of 2067128318?
8
What is the hundreds digit of 620488093?
0
What is the hundred thousands digit of 216189515?
1
What is the millions digit of 402873931?
2
What is the ten thousands digit of 1844904131?
0
What is the ten thousands digit of 104913433?
1
What is the ten millions digit of 16861486?
1
What is the millions digit of 64894525?
4
What is the thousands digit of 1116796544?
6
What is the ten thousands digit of 123676847?
7
What is the ten millions digit of 10404001?
1
What is the hundred millions digit of 117894656?
1
What is the ten thousands digit of 493021158?
2
What is the tens digit of 66446110?
1
What is the thousands digit of 15811139?
1
What is the units digit of 55417195?
5
What is the millions digit of 120049820?
0
What is the thousands digit of 42404993?
4
What is the units digit of 154443083?
3
What is the ten millions digit of 43131259?
4
What is the hundreds digit of 164424317?
3
What is the ten thousands digit of 3328643388?
4
What is the units digit of 476370190?
0
What is the ten thousands digit of 294217093?
1
What is the ten millions digit of 391205278?
9
What is the ten millions digit of 662539738?
6
What is the ten millions digit of 98060732?
9
What is the units digit of 367568258?
8
What is the millions digit of 52843695?
2
What is the hundreds digit of 1620684216?
2
What is the hundreds digit of 4795153201?
2
What is the millions digit of 44460146?
4
What is the units digit of 1280957270?
0
What is the tens digit of 94579414?
1
What is the units digit of 265894771?
1
What is the ten thousands digit of 490383716?
8
What is the ten millions digit of 151881574?
5
What is the hundred millions digit of 112657695?
1
What is the ten thousands digit of 62481961?
8
What is the hundred thousands digit of 113188923?
1
What is the hundred thousands digit of 8176671?
1
What is the millions digit of 355482150?
5
What is the tens digit of 40715480?
8
What is the hundreds digit of 6848756?
7
What is the tens digit of 18715755?
5
What is the hundred thousands digit of 298214912?
2
What is the millions digit of 630627568?
0
What is the hundred thousands digit of 4313950019?
9
What is the tens digit of 660530664?
6
What is the units digit of 348893647?
7
What is the ten millions digit of 19801122?
1
What is the ten thousands digit of 1005514327?
1
What is the hundreds digit of 45240978?
9
What is the thousands digit of 713816498?
6
What is the ten millions digit of 63933959?
6
What is the ten thousands digit of 1241846229?
4
What is the hundreds digit of 930523829?
8
What is the tens digit of 404647149?
4
What is the millions digit of 79751043?
9
What is the ten thousands digit of 1743014245?
1
What is the hundred thousands digit of 513974727?
9
What is the hundred thousands digit of 81805511?
8
What is the millions digit of 2049765400?
9
What is the units digit of 51476895?
5
What is the hundreds digit of 492533621?
6
What is the hundred millions digit of 255616866?
2
What is the millions digit of 284194878?
4
What is the millions digit of 6147631?
6
What is the thousands digit of 21440680?
0
What is the hundreds digit of 156493561?
5
What is the hundred thousands digit of 2458090771?
0
What is the hundred thousands digit of 86695450?
6
What is the ten thousands digit of 73021109?
2
What is the units digit of 24073667?
7
What is the ten thousands digit of 46211421?
1
What is the hundreds digit of 162846857?
8
What is the ten millions digit of 349843142?
4
What 